te?
False
Is 85843 a composite number?
False
Is 44011 a composite number?
True
Is 12086 composite?
True
Is 10529 a prime number?
True
Is 673 composite?
False
Is 31549 composite?
True
Is 290791 composite?
False
Is 78919 prime?
True
Is 3749 a composite number?
True
Is 16963 a composite number?
False
Is 1207027 prime?
True
Is 106937 a composite number?
False
Is 27769 composite?
True
Is 269567 composite?
True
Is 84086 a prime number?
False
Is 36643 a composite number?
False
Is 706607 prime?
False
Is 88609 a composite number?
False
Is 137329 composite?
True
Is 55267 a composite number?
True
Is 38059 prime?
False
Is 175309 composite?
False
Is 10167 a prime number?
False
Is 1637231 a composite number?
True
Is 72866 prime?
False
Is 8857 prime?
False
Is 8609 a prime number?
True
Is 1076557 a composite number?
False
Is 346159 a composite number?
True
Is 22205 a composite number?
True
Is 231961 composite?
False
Is 148763 a prime number?
True
Is 145687 a composite number?
False
Is 2503 prime?
True
Is 13241 a composite number?
False
Is 69253 a prime number?
False
Is 552371 composite?
True
Is 2374 composite?
True
Is 5059 composite?
False
Is 13681 composite?
False
Is 468181 composite?
True
Is 1083581 a composite number?
True
Is 3551 a prime number?
False
Is 3433 composite?
False
Is 67339 a prime number?
True
Is 12517 a prime number?
True
Is 59741 composite?
True
Is 7031 a prime number?
False
Is 351755 a prime number?
False
Is 675859 a prime number?
True
Is 5923 a prime number?
True
Is 367921 a prime number?
False
Is 256426 a composite number?
True
Is 130171 prime?
True
Is 16519 prime?
True
Is 831751 prime?
True
Is 7609 a prime number?
False
Is 90313 composite?
False
Is 125183 a composite number?
False
Is 55201 composite?
False
Is 19951 composite?
True
Is 162209 a prime number?
True
Is 96137 a prime number?
True
Is 349663 composite?
False
Is 15659 composite?
True
Is 203834 prime?
False
Is 24355 prime?
False
Is 60263 composite?
True
Is 42061 composite?
False
Is 346631 prime?
False
Is 68311 composite?
False
Is 48647 composite?
False
Is 314843 composite?
True
Is 355178 composite?
True
Is 10223 a prime number?
True
Is 24269 prime?
False
Is 72461 prime?
True
Is 261347 a prime number?
True
Is 4507 a prime number?
True
Is 182119 a prime number?
False
Is 559151 a composite number?
True
Is 9961 prime?
False
Is 72437 a composite number?
True
Is 2186 composite?
True
Is 953 prime?
True
Is 44467 prime?
False
Is 631 a prime number?
True
Is 8062111 a prime number?
True
Is 379757 composite?
True
Is 26359 prime?
False
Is 22567 a prime number?
True
Is 5347 a prime number?
True
Is 68165 prime?
False
Is 21818 prime?
False
Is 37079 prime?
False
Is 1306394 a prime number?
False
Is 54601 composite?
False
Is 5413 prime?
True
Is 510847 prime?
True
Is 14419 a composite number?
False
Is 29519 prime?
False
Is 196499 a composite number?
False
Is 740659 a prime number?
True
Is 5674 composite?
True
Is 281771 composite?
True
Is 693553 prime?
False
Is 1270471 a composite number?
False
Is 334214 prime?
False
Is 91255 a prime number?
False
Is 23509 a prime number?
True
Is 1219 composite?
True
Is 3899 a prime number?
False
Is 23501 a prime number?
False
Is 194653 a composite number?
False
Is 6434 a composite number?
True
Is 1532285 composite?
True
Is 223 composite?
False
Is 78901 a prime number?
True
Is 29039 a prime number?
False
Is 8251 prime?
False
Is 201 composite?
True
Is 178753 prime?
True
Is 1977751 a prime number?
True
Is 26902 prime?
False
Is 120151 a prime number?
False
Is 34163 a composite number?
True
Is 1027401 prime?
False
Is 2927 composite?
False
Is 487849 a composite number?
True
Is 177319 a composite number?
False
Is 377327 a prime number?
True
Is 5579 composite?
True
Is 4703371 prime?
True
Is 319 composite?
True
Is 391847 a composite number?
False
Is 1172807 composite?
False
Is 2579 composite?
False
Is 33107 a composite number?
False
Is 2364965 prime?
False
Is 170099 composite?
False
Is 725507 prime?
True
Is 1332041 prime?
False
Is 608239 a composite number?
True
Is 10847 prime?
True
Is 171677 prime?
False
Is 802253 composite?
False
Is 869003 composite?
True
Is 53871 a prime number?
False
Is 66299 a composite number?
True
Is 9637 a composite number?
True
Is 153199 prime?
False
Is 55415 a composite number?
True
Is 34019 a composite number?
False
Is 24281 a prime number?
True
Is 163811 prime?
True
Is 829537 composite?
False
Is 4247 prime?
False
Is 28151 a composite number?
False
Is 11967 composite?
True
Is 272179 prime?
True
Is 365 prime?
False
Is 331391 a prime number?
True
Is 489 composite?
True
Is 31063 a prime number?
True
Is 267317 prime?
True
Is 118093 a composite number?
False
Is 488569 composite?
True
Is 36471 a prime number?
False
Is 28331 a prime number?
False
Is 20283 prime?
False
Is 25273 a composite number?
True
Is 9733 a composite number?
False
Is 17587 a composite number?
True
Is 666205 a prime number?
False
Is 2737897 composite?
True
Is 9673 a composite number?
True
Is 10817 composite?
True
Is 22441 composite?
False
Is 22123 a composite number?
False
Is 439217 prime?
True
Is 469459 prime?
False
Is 3967 composite?
False
Is 66221 composite?
False
Is 7817 a prime number?
True
Is 78205 composite?
True
Is 327891 a composite number?
True
Is 9469 a composite number?
True
Is 958 a composite number?
True
Is 59379 a prime number?
False
Is 2249 prime?
False
Is 62609 composite?
True
Is 43361 composite?
True
Is 1927 a composite number?
True
Is 7297 a composite number?
False
Is 680587 a composite number?
False
Is 1383859 a prime number?
False
Is 149 a prime number?
True
Is 38667 a composite number?
True
Is 28529 composite?
True
Is 5507 a prime number?
True
Is 3035 a prime number?
False
Is 4349 a composite number?
False
Is 557 prime?
True
Is 644977 a composite number?
False
Is 1553 prime?
True
Is 2903 prime?
True
Is 30887 a composite number?
True
Is 629311 composite?
False
Is 32401 prime?
True
Is 2142087 composite?
True
Is 1310923 prime?
True
Is 160811 composite?
True
Is 64433 prime?
True
Is 297485 a composite number?
True
Is 557 composite?
False
Is 337121 composite?
False
Is 2819 composite?
False
Is 241797 composite?
True
Is 15427 prime?
True
Is 22177 a prime number?
False
Is 245711 a prime number?
True
Is 542297 prime?
False
Is 35251 composite?
False
Is 109703 composite?
True
Is 70571 a composite number?
False
Is 10133 composite?
False
Is 162413 composite?
False
Is 165221 a composite number?
True
Is 738847 a prime number?
True
Is 430487 a prime number?
True
Is 11791 a composite number?
True
Is 1629761 composite?
True
Is 96907 prime?
True
Is 28373 prime?
False
Is 944561 composite?
False
Is 4201 a prime number?
True
Is 21101 a prime number?
True
Is 18583 a composite number?
False
Is 1361 a composite number?
False
Is 1778043 a prime number?
False
Is 42257 composite?
False
Is 64679 a prime number?
True
Is 75219 a composite number?
True
Is 6629 composite?
True
Is 140321 composite?
False
Is 11177 a prime number?
True
Is 311666 composite?
True
Is 59 composite?
False
Is 2705593 a prime number?
False
Is 2521 composite?
False
Is 47543 a prime number?
True
Is 20153 a prime number?
False
Is 35579 a prime number?
False
Is 46589 a composite number?
False
Is 468187 a composite number?
False
Is 1401551 a composite number?
True
Is 167309 prime?
True
Is 346991 a composite number?
True
Is 100565 a composite number?
True
Is 2064857 a prime number?
True
Is 862157 a composite number?
False
Is 162842 a composite number?
True
Is 161729 prime?
True
Is 8707 a prime number?
True
Is 56263 composite?
False
Is 3829 a prime number?
False
Is 24169 prime?
True
Is 106885 composite?
True
Is 208099 prime?
True
Is 9713 prime?
False
Is 3369 a composite number?
True
Is 16217 prime?
True
Is 61091 a prime number?
True
Is 299435 a prime number?
False
Is 8251 a prime number?
False
Is 1441807 a composite number?
False
Is 53035 a prime number?
False
Is 16009 composite?
True
Is 169079 a composite number?
False
Is 6998651 prime?
False
Is 1876733 prime?
True
Is 236347 a prime number?
False
Is 166289 composite?
False
Is 46457 a prime number?
True
Is 11959 a prime number?
True
Is 41429 a composite number?
True
Is 773341 a prime number?
True
Is 25957 composite?
True
Is 157127 a prime number?
True
Is 276623 composite?
Fal